{"id":448,"date":"2020-06-18T14:28:35","date_gmt":"2020-06-18T14:28:35","guid":{"rendered":"https:\/\/staszewscy.pl\/index.php\/produkt\/czuja%c2%99-chemia%c2%99-do-chemii-kubek-dla-nauczyciela-chemii\/"},"modified":"2024-06-12T13:55:14","modified_gmt":"2024-06-12T13:55:14","slug":"czujechemiedo-chemii-kubek-dla-nauczyciela-chemii","status":"publish","type":"product","link":"https:\/\/staszewscy.pl\/index.php\/produkt\/czujechemiedo-chemii-kubek-dla-nauczyciela-chemii\/","title":{"rendered":"Czuj\u0119 chemi\u0119 do chemii &#8211; kubek dla nauczyciela chemii"},"content":{"rendered":"<p><strong>Kubek z nadrukiem &#8220;Czuj\u0119 chemi\u0119 do <a class=\"cursor-pointer\" title=\"www.google.com\/search?q=chemii\">chemii<\/a>&#8221; to \u015bwietny spos\u00f3b, aby w \u017cartobliwy spos\u00f3b podzi\u0119kowa\u0107 za prac\u0119 i \u017cyczliwo\u015b\u0107 nauczycielowi <a class=\"cursor-pointer\" title=\"www.google.com\/search?q=chemii\">chemii<\/a>.<\/strong><\/p>\n<p><strong>To te\u017c \u015bwietny upominek dla ucznia, kt\u00f3ry lubi chemi\u0119 lub przeciwnie &#8211; powinien po\u015bwi\u0119ci\u0107 jej troch\u0119 wi\u0119cej uwagi.<\/strong><\/p>\n<p><em><strong>Specyfikacja kubka:<\/strong><\/em><\/p>\n<ul class=\"[&amp;&gt;li]:custom-bullet pl-[18px] rtl:pr-[18px]\">\n<li>Kolor: bia\u0142y, b\u0142yszcz\u0105cy<\/li>\n<li>Mo\u017cliwo\u015b\u0107 mycia w zmywarce<\/li>\n<li>Pojemno\u015b\u0107: ok. 300 ml<\/li>\n<li>\u015arednica: 82 mm<\/li>\n<li>Wysoko\u015b\u0107: 95 mm<\/li>\n<\/ul>\n","protected":false},"excerpt":{"rendered":"<div class=\"product-actions\" style=\"font-family: Raleway, sans-serif !important;\">\n<section class=\"product-discounts\" style=\"font-family: Raleway, sans-serif; display: block; margin-bottom: 1.5rem; color: #444444; font-size: 15px; font-style: normal; font-weight: 400; letter-spacing: normal; text-align: start; text-indent: 0px; text-transform: none; background-color: #ffffff;\"><\/section>\n<div class=\"product-add-to-cart\" style=\"font-family: Raleway, sans-serif; color: #444444; font-size: 15px; font-style: normal; font-weight: 400; letter-spacing: normal; text-align: start; text-indent: 0px; text-transform: none; background-color: #ffffff;\">\n<div class=\"[&amp;&gt;p:not(:first-child)]:mt-4\">\n<p><strong>Nauczyciel chemii potrafi\u0105cy swoj\u0105 pasj\u0105 zarazi\u0107 uczni\u00f3w to prawdziwy skarb. Podaruj mu kubek, by przy ka\u017cdej porannej kawie przypomina\u0142 sobie o Tobie i Twojej klasie.<\/strong><\/p>\n<p>&nbsp;<\/p>\n<\/div>\n<\/div>\n<\/div>\n","protected":false},"featured_media":445,"template":"","meta":[],"product_brand":[],"product_cat":[192,66,76],"product_tag":[],"class_list":{"0":"post-448","1":"product","2":"type-product","3":"status-publish","4":"has-post-thumbnail","6":"product_cat-uczen","7":"product_cat-kubki","8":"product_cat-nauczyciel","10":"first","11":"instock","12":"shipping-taxable","13":"purchasable","14":"product-type-simple","15":"add-to-wishlist-after_add_to_cart"},"yoast_head":"<!-- This site is optimized with the Yoast SEO plugin v26.9 - https:\/\/yoast.com\/product\/yoast-seo-wordpress\/ -->\n<title>Czuj\u0119 chemi\u0119 do chemii - kubek dla nauczyciela chemii - Staszewscy.pl<\/title>\n<meta name=\"robots\" content=\"index, follow, max-snippet:-1, max-image-preview:large, max-video-preview:-1\" \/>\n<link rel=\"canonical\" href=\"https:\/\/staszewscy.pl\/index.php\/produkt\/czujechemiedo-chemii-kubek-dla-nauczyciela-chemii\/\" \/>\n<meta property=\"og:locale\" content=\"pl_PL\" \/>\n<meta property=\"og:type\" content=\"article\" \/>\n<meta property=\"og:title\" content=\"Czuj\u0119 chemi\u0119 do chemii - kubek dla nauczyciela chemii - Staszewscy.pl\" \/>\n<meta property=\"og:description\" content=\"Nauczyciel chemii potrafi\u0105cy swoj\u0105 pasj\u0105 zarazi\u0107 uczni\u00f3w to prawdziwy skarb. Podaruj mu kubek, by przy ka\u017cdej porannej kawie przypomina\u0142 sobie o Tobie i Twojej klasie.  &nbsp;\" \/>\n<meta property=\"og:url\" content=\"https:\/\/staszewscy.pl\/index.php\/produkt\/czujechemiedo-chemii-kubek-dla-nauczyciela-chemii\/\" \/>\n<meta property=\"og:site_name\" content=\"Staszewscy.pl\" \/>\n<meta property=\"article:publisher\" content=\"https:\/\/www.facebook.com\/koszulkownia\" \/>\n<meta property=\"article:modified_time\" content=\"2024-06-12T13:55:14+00:00\" \/>\n<meta property=\"og:image\" content=\"https:\/\/staszewscy.pl\/wp-content\/uploads\/2020\/06\/1197-edb-CzujA\u0099-chemiA\u0099-do-chemii-kubek-dla-nauczyciela-chemii.jpg\" \/>\n\t<meta property=\"og:image:width\" content=\"1335\" \/>\n\t<meta property=\"og:image:height\" content=\"1315\" \/>\n\t<meta property=\"og:image:type\" content=\"image\/jpeg\" \/>\n<meta name=\"twitter:card\" content=\"summary_large_image\" \/>\n<meta name=\"twitter:label1\" content=\"Szacowany czas czytania\" \/>\n\t<meta name=\"twitter:data1\" content=\"1 minuta\" \/>\n<script type=\"application\/ld+json\" class=\"yoast-schema-graph\">{\"@context\":\"https:\/\/schema.org\",\"@graph\":[{\"@type\":\"WebPage\",\"@id\":\"https:\/\/staszewscy.pl\/index.php\/produkt\/czujechemiedo-chemii-kubek-dla-nauczyciela-chemii\/\",\"url\":\"https:\/\/staszewscy.pl\/index.php\/produkt\/czujechemiedo-chemii-kubek-dla-nauczyciela-chemii\/\",\"name\":\"Czuj\u0119 chemi\u0119 do chemii - kubek dla nauczyciela chemii - Staszewscy.pl\",\"isPartOf\":{\"@id\":\"https:\/\/staszewscy.pl\/#website\"},\"primaryImageOfPage\":{\"@id\":\"https:\/\/staszewscy.pl\/index.php\/produkt\/czujechemiedo-chemii-kubek-dla-nauczyciela-chemii\/#primaryimage\"},\"image\":{\"@id\":\"https:\/\/staszewscy.pl\/index.php\/produkt\/czujechemiedo-chemii-kubek-dla-nauczyciela-chemii\/#primaryimage\"},\"thumbnailUrl\":\"https:\/\/staszewscy.pl\/wp-content\/uploads\/2020\/06\/1197-edb-CzujA\u0099-chemiA\u0099-do-chemii-kubek-dla-nauczyciela-chemii.jpg\",\"datePublished\":\"2020-06-18T14:28:35+00:00\",\"dateModified\":\"2024-06-12T13:55:14+00:00\",\"breadcrumb\":{\"@id\":\"https:\/\/staszewscy.pl\/index.php\/produkt\/czujechemiedo-chemii-kubek-dla-nauczyciela-chemii\/#breadcrumb\"},\"inLanguage\":\"pl-PL\",\"potentialAction\":[{\"@type\":\"ReadAction\",\"target\":[\"https:\/\/staszewscy.pl\/index.php\/produkt\/czujechemiedo-chemii-kubek-dla-nauczyciela-chemii\/\"]}]},{\"@type\":\"ImageObject\",\"inLanguage\":\"pl-PL\",\"@id\":\"https:\/\/staszewscy.pl\/index.php\/produkt\/czujechemiedo-chemii-kubek-dla-nauczyciela-chemii\/#primaryimage\",\"url\":\"https:\/\/staszewscy.pl\/wp-content\/uploads\/2020\/06\/1197-edb-CzujA\u0099-chemiA\u0099-do-chemii-kubek-dla-nauczyciela-chemii.jpg\",\"contentUrl\":\"https:\/\/staszewscy.pl\/wp-content\/uploads\/2020\/06\/1197-edb-CzujA\u0099-chemiA\u0099-do-chemii-kubek-dla-nauczyciela-chemii.jpg\",\"width\":1335,\"height\":1315,\"caption\":\"Czuj\u00c4\u0099 chemi\u00c4\u0099 do chemii - kubek dla nauczyciela chemii\"},{\"@type\":\"BreadcrumbList\",\"@id\":\"https:\/\/staszewscy.pl\/index.php\/produkt\/czujechemiedo-chemii-kubek-dla-nauczyciela-chemii\/#breadcrumb\",\"itemListElement\":[{\"@type\":\"ListItem\",\"position\":1,\"name\":\"Strona g\u0142\u00f3wna\",\"item\":\"https:\/\/staszewscy.pl\/\"},{\"@type\":\"ListItem\",\"position\":2,\"name\":\"Shop\",\"item\":\"https:\/\/staszewscy.pl\/index.php\/shop-2\/\"},{\"@type\":\"ListItem\",\"position\":3,\"name\":\"Czuj\u0119 chemi\u0119 do chemii &#8211; kubek dla nauczyciela chemii\"}]},{\"@type\":\"WebSite\",\"@id\":\"https:\/\/staszewscy.pl\/#website\",\"url\":\"https:\/\/staszewscy.pl\/\",\"name\":\"Koszulkownia.pl\",\"description\":\"Koszulki z nadrukiem, prezenty, odzie\u017c na eventy\",\"publisher\":{\"@id\":\"https:\/\/staszewscy.pl\/#organization\"},\"potentialAction\":[{\"@type\":\"SearchAction\",\"target\":{\"@type\":\"EntryPoint\",\"urlTemplate\":\"https:\/\/staszewscy.pl\/?s={search_term_string}\"},\"query-input\":{\"@type\":\"PropertyValueSpecification\",\"valueRequired\":true,\"valueName\":\"search_term_string\"}}],\"inLanguage\":\"pl-PL\"},{\"@type\":\"Organization\",\"@id\":\"https:\/\/staszewscy.pl\/#organization\",\"name\":\"Koszulkownia.pl\",\"url\":\"https:\/\/staszewscy.pl\/\",\"logo\":{\"@type\":\"ImageObject\",\"inLanguage\":\"pl-PL\",\"@id\":\"https:\/\/staszewscy.pl\/#\/schema\/logo\/image\/\",\"url\":\"https:\/\/staszewscy.pl\/wp-content\/uploads\/2023\/09\/koszulkownia-logo-1576521554.png\",\"contentUrl\":\"https:\/\/staszewscy.pl\/wp-content\/uploads\/2023\/09\/koszulkownia-logo-1576521554.png\",\"width\":340,\"height\":72,\"caption\":\"Koszulkownia.pl\"},\"image\":{\"@id\":\"https:\/\/staszewscy.pl\/#\/schema\/logo\/image\/\"},\"sameAs\":[\"https:\/\/www.facebook.com\/koszulkownia\",\"https:\/\/www.instagram.com\/koszulkownia\/\",\"https:\/\/www.youtube.com\/@staszewscy.pl_koszulkownia6107\"]}]}<\/script>\n<!-- \/ Yoast SEO plugin. -->","yoast_head_json":{"title":"Czuj\u0119 chemi\u0119 do chemii - kubek dla nauczyciela chemii - Staszewscy.pl","robots":{"index":"index","follow":"follow","max-snippet":"max-snippet:-1","max-image-preview":"max-image-preview:large","max-video-preview":"max-video-preview:-1"},"canonical":"https:\/\/staszewscy.pl\/index.php\/produkt\/czujechemiedo-chemii-kubek-dla-nauczyciela-chemii\/","og_locale":"pl_PL","og_type":"article","og_title":"Czuj\u0119 chemi\u0119 do chemii - kubek dla nauczyciela chemii - Staszewscy.pl","og_description":"Nauczyciel chemii potrafi\u0105cy swoj\u0105 pasj\u0105 zarazi\u0107 uczni\u00f3w to prawdziwy skarb. Podaruj mu kubek, by przy ka\u017cdej porannej kawie przypomina\u0142 sobie o Tobie i Twojej klasie.  &nbsp;","og_url":"https:\/\/staszewscy.pl\/index.php\/produkt\/czujechemiedo-chemii-kubek-dla-nauczyciela-chemii\/","og_site_name":"Staszewscy.pl","article_publisher":"https:\/\/www.facebook.com\/koszulkownia","article_modified_time":"2024-06-12T13:55:14+00:00","og_image":[{"width":1335,"height":1315,"url":"https:\/\/staszewscy.pl\/wp-content\/uploads\/2020\/06\/1197-edb-CzujA\u0099-chemiA\u0099-do-chemii-kubek-dla-nauczyciela-chemii.jpg","type":"image\/jpeg"}],"twitter_card":"summary_large_image","twitter_misc":{"Szacowany czas czytania":"1 minuta"},"schema":{"@context":"https:\/\/schema.org","@graph":[{"@type":"WebPage","@id":"https:\/\/staszewscy.pl\/index.php\/produkt\/czujechemiedo-chemii-kubek-dla-nauczyciela-chemii\/","url":"https:\/\/staszewscy.pl\/index.php\/produkt\/czujechemiedo-chemii-kubek-dla-nauczyciela-chemii\/","name":"Czuj\u0119 chemi\u0119 do chemii - kubek dla nauczyciela chemii - Staszewscy.pl","isPartOf":{"@id":"https:\/\/staszewscy.pl\/#website"},"primaryImageOfPage":{"@id":"https:\/\/staszewscy.pl\/index.php\/produkt\/czujechemiedo-chemii-kubek-dla-nauczyciela-chemii\/#primaryimage"},"image":{"@id":"https:\/\/staszewscy.pl\/index.php\/produkt\/czujechemiedo-chemii-kubek-dla-nauczyciela-chemii\/#primaryimage"},"thumbnailUrl":"https:\/\/staszewscy.pl\/wp-content\/uploads\/2020\/06\/1197-edb-CzujA\u0099-chemiA\u0099-do-chemii-kubek-dla-nauczyciela-chemii.jpg","datePublished":"2020-06-18T14:28:35+00:00","dateModified":"2024-06-12T13:55:14+00:00","breadcrumb":{"@id":"https:\/\/staszewscy.pl\/index.php\/produkt\/czujechemiedo-chemii-kubek-dla-nauczyciela-chemii\/#breadcrumb"},"inLanguage":"pl-PL","potentialAction":[{"@type":"ReadAction","target":["https:\/\/staszewscy.pl\/index.php\/produkt\/czujechemiedo-chemii-kubek-dla-nauczyciela-chemii\/"]}]},{"@type":"ImageObject","inLanguage":"pl-PL","@id":"https:\/\/staszewscy.pl\/index.php\/produkt\/czujechemiedo-chemii-kubek-dla-nauczyciela-chemii\/#primaryimage","url":"https:\/\/staszewscy.pl\/wp-content\/uploads\/2020\/06\/1197-edb-CzujA\u0099-chemiA\u0099-do-chemii-kubek-dla-nauczyciela-chemii.jpg","contentUrl":"https:\/\/staszewscy.pl\/wp-content\/uploads\/2020\/06\/1197-edb-CzujA\u0099-chemiA\u0099-do-chemii-kubek-dla-nauczyciela-chemii.jpg","width":1335,"height":1315,"caption":"Czuj\u00c4\u0099 chemi\u00c4\u0099 do chemii - kubek dla nauczyciela chemii"},{"@type":"BreadcrumbList","@id":"https:\/\/staszewscy.pl\/index.php\/produkt\/czujechemiedo-chemii-kubek-dla-nauczyciela-chemii\/#breadcrumb","itemListElement":[{"@type":"ListItem","position":1,"name":"Strona g\u0142\u00f3wna","item":"https:\/\/staszewscy.pl\/"},{"@type":"ListItem","position":2,"name":"Shop","item":"https:\/\/staszewscy.pl\/index.php\/shop-2\/"},{"@type":"ListItem","position":3,"name":"Czuj\u0119 chemi\u0119 do chemii &#8211; kubek dla nauczyciela chemii"}]},{"@type":"WebSite","@id":"https:\/\/staszewscy.pl\/#website","url":"https:\/\/staszewscy.pl\/","name":"Koszulkownia.pl","description":"Koszulki z nadrukiem, prezenty, odzie\u017c na eventy","publisher":{"@id":"https:\/\/staszewscy.pl\/#organization"},"potentialAction":[{"@type":"SearchAction","target":{"@type":"EntryPoint","urlTemplate":"https:\/\/staszewscy.pl\/?s={search_term_string}"},"query-input":{"@type":"PropertyValueSpecification","valueRequired":true,"valueName":"search_term_string"}}],"inLanguage":"pl-PL"},{"@type":"Organization","@id":"https:\/\/staszewscy.pl\/#organization","name":"Koszulkownia.pl","url":"https:\/\/staszewscy.pl\/","logo":{"@type":"ImageObject","inLanguage":"pl-PL","@id":"https:\/\/staszewscy.pl\/#\/schema\/logo\/image\/","url":"https:\/\/staszewscy.pl\/wp-content\/uploads\/2023\/09\/koszulkownia-logo-1576521554.png","contentUrl":"https:\/\/staszewscy.pl\/wp-content\/uploads\/2023\/09\/koszulkownia-logo-1576521554.png","width":340,"height":72,"caption":"Koszulkownia.pl"},"image":{"@id":"https:\/\/staszewscy.pl\/#\/schema\/logo\/image\/"},"sameAs":["https:\/\/www.facebook.com\/koszulkownia","https:\/\/www.instagram.com\/koszulkownia\/","https:\/\/www.youtube.com\/@staszewscy.pl_koszulkownia6107"]}]}},"jetpack_sharing_enabled":true,"_links":{"self":[{"href":"https:\/\/staszewscy.pl\/index.php\/wp-json\/wp\/v2\/product\/448","targetHints":{"allow":["GET"]}}],"collection":[{"href":"https:\/\/staszewscy.pl\/index.php\/wp-json\/wp\/v2\/product"}],"about":[{"href":"https:\/\/staszewscy.pl\/index.php\/wp-json\/wp\/v2\/types\/product"}],"version-history":[{"count":4,"href":"https:\/\/staszewscy.pl\/index.php\/wp-json\/wp\/v2\/product\/448\/revisions"}],"predecessor-version":[{"id":17297,"href":"https:\/\/staszewscy.pl\/index.php\/wp-json\/wp\/v2\/product\/448\/revisions\/17297"}],"wp:featuredmedia":[{"embeddable":true,"href":"https:\/\/staszewscy.pl\/index.php\/wp-json\/wp\/v2\/media\/445"}],"wp:attachment":[{"href":"https:\/\/staszewscy.pl\/index.php\/wp-json\/wp\/v2\/media?parent=448"}],"wp:term":[{"taxonomy":"product_brand","embeddable":true,"href":"https:\/\/staszewscy.pl\/index.php\/wp-json\/wp\/v2\/product_brand?post=448"},{"taxonomy":"product_cat","embeddable":true,"href":"https:\/\/staszewscy.pl\/index.php\/wp-json\/wp\/v2\/product_cat?post=448"},{"taxonomy":"product_tag","embeddable":true,"href":"https:\/\/staszewscy.pl\/index.php\/wp-json\/wp\/v2\/product_tag?post=448"}],"curies":[{"name":"wp","href":"https:\/\/api.w.org\/{rel}","templated":true}]}}